 the greatest common factor of 216 and 88?
8
What is the greatest common factor of 1308 and 96?
12
Calculate the highest common factor of 23 and 31441.
23
What is the greatest common factor of 14 and 197?
1
Calculate the greatest common divisor of 136 and 1054.
34
What is the highest common divisor of 1110 and 60?
30
What is the greatest common divisor of 78 and 2769?
39
Calculate the greatest common factor of 657 and 18.
9
Calculate the greatest common divisor of 2630 and 20.
10
Calculate the highest common divisor of 706 and 2.
2
Calculate the greatest common divisor of 576 and 90.
18
Calculate the highest common factor of 19307 and 43.
43
What is the highest common factor of 1024 and 576?
64
Calculate the greatest common divisor of 168 and 48.
24
What is the greatest common factor of 168 and 12712?
56
Calculate the highest common factor of 1587 and 3.
3
What is the greatest common divisor of 1180 and 20?
20
What is the greatest common divisor of 3 and 264?
3
Calculate the greatest common factor of 8917 and 37.
37
Calculate the greatest common divisor of 133 and 875.
7
Calculate the highest common factor of 11 and 4741.
11
What is the highest common factor of 36184 and 24?
8
Calculate the greatest common divisor of 400 and 16.
16
Calculate the highest common factor of 972 and 2673.
243
Calculate the greatest common divisor of 2802 and 6.
6
What is the greatest common divisor of 480 and 3?
3
Calculate the highest common factor of 114 and 2432.
38
Calculate the greatest common divisor of 235 and 752.
47
Calculate the greatest common factor of 31 and 527.
31
What is the greatest common factor of 391 and 23?
23
What is the greatest common factor of 513 and 114?
57
Calculate the greatest common divisor of 2976 and 1023.
93
Calculate the greatest common divisor of 2 and 1150.
2
Calculate the highest common factor of 215 and 86.
43
What is the highest common divisor of 24 and 264?
24
What is the highest common divisor of 16 and 1072?
16
Calculate the greatest common factor of 70 and 175.
35
Calculate the highest common divisor of 493 and 261.
29
Calculate the highest common factor of 16 and 3056.
16
What is the greatest common divisor of 342 and 1062?
18
Calculate the greatest common divisor of 623 and 56.
7
What is the highest common divisor of 14 and 21217?
7
What is the highest common factor of 378 and 14?
14
What is the highest common divisor of 65 and 728?
13
Calculate the greatest common divisor of 54 and 4.
2
What is the highest common divisor of 29 and 5191?
29
Calculate the highest common factor of 33 and 649.
11
Calculate the highest common factor of 10580 and 20.
20
What is the greatest common divisor of 56 and 12082?
14
What is the highest common divisor of 667 and 23?
23
Calculate the greatest common divisor of 13 and 5707.
13
What is the highest common divisor of 40 and 1000?
40
What is the greatest common factor of 95 and 209?
19
What is the greatest common factor of 340 and 6?
2
What is the highest common divisor of 17361 and 27?
27
What is the greatest common divisor of 133 and 19?
19
What is the highest common divisor of 30 and 9540?
30
What is the greatest common factor of 102 and 10914?
102
What is the greatest common divisor of 300 and 14250?
150
Calculate the greatest common divisor of 90 and 474.
6
What is the highest common divisor of 60 and 12?
12
What is the highest common divisor of 4 and 12?
4
What is the greatest common factor of 296 and 74?
74
What is the highest common factor of 18705 and 29?
29
What is the highest common factor of 14528 and 16?
16
What is the highest common divisor of 9231 and 51?
51
What is the highest common divisor of 938 and 402?
134
What is the greatest common factor of 1 and 258?
1
What is the highest common divisor of 1486 and 4?
2
Calculate the highest common divisor of 225 and 9.
9
What is the highest common divisor of 451 and 4715?
41
What is the highest common divisor of 1990 and 10?
10
Calculate the highest common factor of 357 and 77.
7
Calculate the greatest common divisor of 51 and 31263.
51
What is the highest common factor of 98 and 126?
14
What is the greatest common divisor of 114 and 38?
38
What is the highest common factor of 4064 and 32?
32
What is the greatest common divisor of 256 and 16?
16
What is the greatest common factor of 43 and 43?
43
Calculate the highest common factor of 12 and 1572.
12
What is the greatest common divisor of 510 and 68?
34
What is the highest common factor of 90 and 8?
2
What is the highest common divisor of 480 and 150?
30
What is the highest common factor of 2387 and 187?
11
Calculate the greatest common factor of 75 and 1695.
15
What is the greatest common divisor of 36 and 2800?
4
Calculate the greatest common divisor of 328 and 16.
8
Calculate the highest common divisor of 1368 and 5624.
152
Calculate the highest common factor of 56 and 476.
28
Calculate the highest common divisor of 252 and 1476.
36
Calculate the greatest common divisor of 636 and 477.
159
What is the highest common divisor of 6177 and 261?
87
What is the highest common factor of 208 and 4?
4
Calculate the greatest common divisor of 693 and 1782.
99
Calculate the highest common factor of 605 and 55.
55
Calculate the highest common factor of 812 and 1276.
116
What is the greatest common factor of 6 and 1098?
6
Calculate the highest common divisor of 34 and 901.
17
Calculate the highest common factor of 84780 and 270.
270
What is the greatest common factor of 400 and 208?
16
What is the highest common divisor of 25 and 75?
25
Calculate the highest common factor of 496 and 368.
16
What is the highest common factor of 92 and 276?
92
What is the highest common divisor of 1360 and 16?
16
Calculate the greatest common factor of 62 and 34906.
62
What is the greatest common factor of 1935 and 30?
15
Calculate the greatest common factor of 55 and 220.
55
Calculate the greatest common divisor of 49 and 4851.
49
Calculate the highest common divisor of 84 and 1617.
21
Calculate the highest common divisor of 24 and 90.
6
What is the greatest common factor of 279 and 1488?
93
What is the highest common factor of 21 and 3864?
21
What is the greatest common divisor of 54 and 675?
27
What is the highest common divisor of 186 and 248?
62
What is the greatest common divisor of 66 and 33?
33
Calculate the highest common divisor of 17 and 1071.
17
What is the greatest common divisor of 2821 and 273?
91
Calculate the highest common factor of 84 and 76.
4
What is the greatest common factor of 85 and 1921?
17
What is the greatest common factor of 344 and 43?
43
What is the highest common divisor of 73 and 1679?
73
Calculate the greatest common divisor of 260 and 2405.
65
What is the greatest common factor of 98 and 49?
49
Calculate the greatest common divisor of 2899 and 65.
13
What is the greatest common factor of 18 and 192?
6
Calculate the greatest common factor of 936 and 351.
117
What is the greatest common divisor of 583 and 55?
11
Calculate the greatest common factor of 50928 and 48.
48
What is the greatest common divisor of 64 and 48?
16
What is the greatest common factor of 165 and 231?
33
Calculate the greatest common divisor of 18851 and 7.
7
Calculate the highest common divisor of 1 and 103.
1
Calculate the greatest common divisor of 413 and 7.
7
Calculate the highest common factor of 451 and 11.
11
Calculate the highest common factor of 15 and 549.
3
What is the highest common divisor of 16 and 184?
8
What is the highest common divisor of 65 and 208?
13
Calculate the greatest common factor of 2197 and 169.
169
Calculate the greatest common divisor of 598 and 46.
46
What is the highest common factor of 2 and 34?
2
Calculate the greatest common divisor of 2439 and 45.
9
Calculate the highest common divisor of 1336 and 5010.
334
Calculate the highest common factor of 116 and 448.
4
Calculate the highest common divisor of 512 and 24704.
128
What is the highest common divisor of 301 and 14147?
301
What is the highest common divisor of 54 and 198?
18
What is the greatest common divisor of 7 and 5334?
7
What is the highest common factor of 336 and 588?
84
What is the highest common factor of 52 and 4?
4
Calculate the greatest common divisor of 2146 and 58.
58
Calculate the highest common div